{"id":6972,"date":"2026-05-08T11:27:34","date_gmt":"2026-05-08T11:27:34","guid":{"rendered":"http:\/\/www.podimagida.com\/?post_type=product&#038;p=6972"},"modified":"2026-05-08T11:27:34","modified_gmt":"2026-05-08T11:27:34","slug":"biray-aycicek-yagi-5lt","status":"publish","type":"product","link":"https:\/\/www.podimagida.com\/index.php\/product\/biray-aycicek-yagi-5lt\/","title":{"rendered":"Biray Ay\u00e7i\u00e7ek Ya\u011f\u0131 5Lt"},"content":{"rendered":"<h3 class=\"\" data-start=\"584\" data-end=\"615\">Biray Ay\u00e7i\u00e7ek Ya\u011f\u0131 5Lt<\/h3>\n<p class=\"\" data-start=\"619\" data-end=\"719\"><strong data-start=\"622\" data-end=\"649\">%100 Do\u011fal ve Katk\u0131s\u0131z:<\/strong>\u00a0Hi\u00e7bir koruyucu veya yapay katk\u0131 maddesi i\u00e7ermez, tamamen do\u011fald\u0131r.<\/p>\n<p class=\"\" data-start=\"722\" data-end=\"830\"><strong data-start=\"725\" data-end=\"749\">Y\u00fcksek Kaliteli Ya\u011f:<\/strong>\u00a0En kaliteli ay\u00e7i\u00e7eklerinden elde edilmi\u015ftir, saf ve p\u00fcr\u00fczs\u00fcz bir lezzet sunar.<\/p>\n<p class=\"\" data-start=\"833\" data-end=\"950\"><strong data-start=\"836\" data-end=\"863\">Y\u00fcksek Is\u0131ya Dayan\u0131kl\u0131:<\/strong>\u00a0K\u0131zartma, soteleme, f\u0131r\u0131nlama gibi y\u00fcksek \u0131s\u0131da pi\u015firme y\u00f6ntemleri i\u00e7in m\u00fckemmeldir.<\/p>\n<p class=\"\" data-start=\"953\" data-end=\"1049\"><strong data-start=\"956\" data-end=\"979\">S\u0131v\u0131 ve Hafif Yap\u0131:<\/strong>\u00a0Kolayca da\u011f\u0131lan, yemeklerde homojen sonu\u00e7lar sa\u011flayan hafif yap\u0131da.<\/p>\n<p class=\"\" data-start=\"1052\" data-end=\"1202\"><strong data-start=\"1055\" data-end=\"1108\">B\u00fcy\u00fck Ambalaj \u2013 Ekonomik ve Uzun S\u00fcreli Kullan\u0131m:<\/strong>\u00a05 litre b\u00fcy\u00fck ambalaj, aileler ve restoranlar i\u00e7in uygun fiyatl\u0131 uzun s\u00fcreli kullan\u0131m sa\u011flar.<\/p>\n<h3 class=\"\" data-start=\"1204\" data-end=\"1230\">Kullan\u0131m Alanlar\u0131:<\/h3>\n<ul data-start=\"1231\" data-end=\"1419\">\n<li class=\"\" data-start=\"1231\" data-end=\"1273\">\n<p class=\"\" data-start=\"1233\" data-end=\"1273\">K\u0131zartmalar (patates, tavuk, sebzeler)<\/p>\n<\/li>\n<li class=\"\" data-start=\"1274\" data-end=\"1319\">\n<p class=\"\" data-start=\"1276\" data-end=\"1319\">Zeytinya\u011fl\u0131 yemekler, salatalar ve soslar<\/p>\n<\/li>\n<li class=\"\" data-start=\"1320\" data-end=\"1355\">\n<p class=\"\" data-start=\"1322\" data-end=\"1355\">F\u0131r\u0131nlama ve soteleme i\u015flemleri<\/p>\n<\/li>\n<li class=\"\" data-start=\"1356\" data-end=\"1389\">\n<p class=\"\" data-start=\"1358\" data-end=\"1389\">Pi\u015firme ve \u00e7orba tariflerinde<\/p>\n<\/li>\n<li class=\"\" data-start=\"1390\" data-end=\"1419\">\n<p class=\"\" data-start=\"1392\" data-end=\"1419\">Tatl\u0131lar ve hamur i\u015flerinde<\/p>\n<\/li>\n<\/ul>\n<h3 class=\"\" data-start=\"1421\" data-end=\"1459\">Sa\u011fl\u0131k \u0130\u00e7in Biray Ay\u00e7i\u00e7ek Ya\u011f\u0131:<\/h3>\n<ul data-start=\"1460\" data-end=\"1803\">\n<li class=\"\" data-start=\"1460\" data-end=\"1547\">\n<p class=\"\" data-start=\"1462\" data-end=\"1547\"><strong data-start=\"1462\" data-end=\"1489\">D\u00fc\u015f\u00fck doymu\u015f ya\u011f oran\u0131:<\/strong>\u00a0Sa\u011fl\u0131kl\u0131 ya\u011f asitleri i\u00e7erir, kalp sa\u011fl\u0131\u011f\u0131n\u0131 destekler.<\/p>\n<\/li>\n<li class=\"\" data-start=\"1548\" data-end=\"1638\">\n<p class=\"\" data-start=\"1550\" data-end=\"1638\"><strong data-start=\"1550\" data-end=\"1572\">Vitamin E Kayna\u011f\u0131:<\/strong>\u00a0Antioksidan \u00f6zellikleri ile v\u00fccudu serbest radikallerden korur.<\/p>\n<\/li>\n<li class=\"\" data-start=\"1639\" data-end=\"1695\">\n<p class=\"\" data-start=\"1641\" data-end=\"1695\"><strong data-start=\"1641\" data-end=\"1660\">Sindirim dostu:<\/strong>\u00a0Kolay sindirilir, mide dostudur.<\/p>\n<\/li>\n<li class=\"\" data-start=\"1696\" data-end=\"1803\">\n<p class=\"\" data-start=\"1698\" data-end=\"1803\"><strong data-start=\"1698\" data-end=\"1722\">Y\u00fcksek \u0131s\u0131da stabil:<\/strong>\u00a0Ya\u011f, y\u00fcksek s\u0131cakl\u0131klarda dahi kalitesini korur ve yemeklerde tat kayb\u0131 ya\u015famaz.<\/p>\n<\/li>\n<\/ul>\n<hr class=\"\" data-start=\"1805\" data-end=\"1808\" \/>\n<h3 class=\"\" data-start=\"1810\" data-end=\"1833\">Sipari\u015f Bilgisi:<\/h3>\n<p class=\"\" data-start=\"1834\" data-end=\"1980\">Biray Ay\u00e7i\u00e7ek Ya\u011f\u0131 5Lt, b\u00fcy\u00fck ambalaj\u0131 ile ailenize ve i\u015fletmenize uzun s\u00fcreli kullan\u0131m sa\u011flar. Toptan al\u0131mlar i\u00e7in uygun fiyatlar sunulmaktad\u0131r.<\/p>\n<blockquote data-start=\"1982\" data-end=\"2104\">\n<p class=\"\" data-start=\"1984\" data-end=\"2104\"><strong data-start=\"1984\" data-end=\"2104\">Lezzetli yemekler, do\u011fal lezzet: [Aycenk G\u0131da Ltd.\u015eti.] Biray Ay\u00e7i\u00e7ek Ya\u011f\u0131 ile pi\u015firin, sa\u011fl\u0131kl\u0131 ve lezzetli sofralar kurun!<\/strong><\/p>\n<\/blockquote>\n","protected":false},"excerpt":{"rendered":"<div class=\"elementor-element elementor-element-a2a93c2 elementor-widget elementor-widget-porto_cp_excerpt\" data-id=\"a2a93c2\" data-element_type=\"widget\" data-e-type=\"widget\" data-widget_type=\"porto_cp_excerpt.default\">\n<div class=\"elementor-widget-container\">\n<div class=\"description woocommerce-product-details__short-description\">\n<p data-start=\"220\" data-end=\"279\">Biray Ay\u00e7i\u00e7ek Ya\u011f\u0131 5Lt \u2013 Y\u00fcksek Kalite, Do\u011fal Lezzet Yemeklerinize do\u011fall\u0131k ve zarif bir tat katmak i\u00e7in en iyi se\u00e7enek:\u00a0<strong data-start=\"349\" data-end=\"376\">Biray Ay\u00e7i\u00e7ek Ya\u011f\u0131 5 lt<\/strong>. Saf, katk\u0131 maddesi i\u00e7ermeyen ve tamamen do\u011fal olan ay\u00e7i\u00e7ek ya\u011f\u0131m\u0131z, mutfaklar\u0131n\u0131zda her t\u00fcrl\u00fc pi\u015firme i\u015flemi i\u00e7in idealdir. Y\u00fcksek \u0131s\u0131ya dayan\u0131kl\u0131 form\u00fcl\u00fcyle, yemeklerinize hem lezzet hem de sa\u011fl\u0131k kat\u0131n.<\/p>\n<\/div>\n<\/div>\n<\/div>\n<div class=\"elementor-element elementor-element-852bf31 elementor-widget elementor-widget-porto_cp_meta\" data-id=\"852bf31\" data-element_type=\"widget\" data-e-type=\"widget\" data-widget_type=\"porto_cp_meta.default\">\n<div class=\"elementor-widget-container\">\n<div class=\"product_meta\"><\/div>\n<\/div>\n<\/div>\n","protected":false},"featured_media":7054,"comment_status":"open","ping_status":"closed","template":"","meta":{"content-type":""},"product_brand":[],"product_cat":[102],"product_tag":[],"class_list":{"0":"post-6972","1":"product","2":"type-product","3":"status-publish","4":"has-post-thumbnail","6":"product_cat-yag","8":"first","9":"instock","10":"shipping-taxable","11":"product-type-simple"},"_cost_price":"","_links":{"self":[{"href":"https:\/\/www.podimagida.com\/index.php\/wp-json\/wp\/v2\/product\/6972","targetHints":{"allow":["GET"]}}],"collection":[{"href":"https:\/\/www.podimagida.com\/index.php\/wp-json\/wp\/v2\/product"}],"about":[{"href":"https:\/\/www.podimagida.com\/index.php\/wp-json\/wp\/v2\/types\/product"}],"replies":[{"embeddable":true,"href":"https:\/\/www.podimagida.com\/index.php\/wp-json\/wp\/v2\/comments?post=6972"}],"wp:featuredmedia":[{"embeddable":true,"href":"https:\/\/www.podimagida.com\/index.php\/wp-json\/wp\/v2\/media\/7054"}],"wp:attachment":[{"href":"https:\/\/www.podimagida.com\/index.php\/wp-json\/wp\/v2\/media?parent=6972"}],"wp:term":[{"taxonomy":"product_brand","embeddable":true,"href":"https:\/\/www.podimagida.com\/index.php\/wp-json\/wp\/v2\/product_brand?post=6972"},{"taxonomy":"product_cat","embeddable":true,"href":"https:\/\/www.podimagida.com\/index.php\/wp-json\/wp\/v2\/product_cat?post=6972"},{"taxonomy":"product_tag","embeddable":true,"href":"https:\/\/www.podimagida.com\/index.php\/wp-json\/wp\/v2\/product_tag?post=6972"}],"curies":[{"name":"wp","href":"https:\/\/api.w.org\/{rel}","templated":true}]}}