{"id":7247,"date":"2026-05-08T12:20:15","date_gmt":"2026-05-08T12:20:15","guid":{"rendered":"http:\/\/www.podimagida.com\/?post_type=product&#038;p=7247"},"modified":"2026-05-08T12:20:15","modified_gmt":"2026-05-08T12:20:15","slug":"kup-seker-tek-sargili-altun-5-kg","status":"publish","type":"product","link":"https:\/\/www.podimagida.com\/index.php\/product\/kup-seker-tek-sargili-altun-5-kg\/","title":{"rendered":"K\u00fcp \u015eeker Tek Sarg\u0131l\u0131 Altun 5 kg"},"content":{"rendered":"<h2 data-start=\"274\" data-end=\"372\"><strong data-start=\"278\" data-end=\"372\">K\u00fcp \u015eeker Tek Sarg\u0131l\u0131 Altun 5 kg \u2013 %100 Pancar \u015eekerinden, Hijyenik ve Pratik Tatland\u0131r\u0131c\u0131<\/strong><\/h2>\n<p class=\"\" data-start=\"374\" data-end=\"715\"><strong data-start=\"374\" data-end=\"422\">K\u00fcp \u015eeker Tek Sarg\u0131l\u0131 Altun 5 kg (1800 adet)<\/strong>, \u00e7ay ve kahve keyfini hijyenik, do\u011fal ve pratik bir \u015fekilde tamamlamak isteyenler i\u00e7in \u00f6zel olarak \u00fcretilmi\u015ftir. %100 pancar \u015fekerinden elde edilen bu beyaz kristal k\u00fcp \u015fekerler, tek tek sarg\u0131l\u0131 ambalaj\u0131 sayesinde\u00a0<strong data-start=\"637\" data-end=\"678\">toz, nem ve d\u0131\u015f etkenlerden korunarak<\/strong>\u00a0uzun s\u00fcre tazeli\u011fini muhafaza eder.<\/p>\n<p class=\"\" data-start=\"717\" data-end=\"889\">Ofisler, restoranlar, kafeler, \u00e7ay bah\u00e7eleri ve ev kullan\u0131m\u0131 i\u00e7in\u00a0<strong data-start=\"783\" data-end=\"801\">ideal \u00e7\u00f6z\u00fcmler<\/strong>\u00a0sunan Irmak k\u00fcp \u015feker, her ortamda hijyenik kullan\u0131m avantaj\u0131 ve \u00f6l\u00e7\u00fcl\u00fc t\u00fcketim sa\u011flar.<\/p>\n<h4 class=\"\" data-start=\"891\" data-end=\"917\"><strong data-start=\"896\" data-end=\"917\">\u00dcr\u00fcn \u00d6zellikleri:<\/strong><\/h4>\n<ul data-start=\"918\" data-end=\"1191\">\n<li class=\"\" data-start=\"918\" data-end=\"938\">\n<p class=\"\" data-start=\"920\" data-end=\"938\"><strong data-start=\"920\" data-end=\"930\">Marka:<\/strong>\u00a0Altun<\/p>\n<\/li>\n<li class=\"\" data-start=\"939\" data-end=\"975\">\n<p class=\"\" data-start=\"941\" data-end=\"975\"><strong data-start=\"941\" data-end=\"951\">Model:<\/strong>\u00a0Tek Sarg\u0131l\u0131 K\u00fcp \u015eeker<\/p>\n<\/li>\n<li class=\"\" data-start=\"976\" data-end=\"996\">\n<p class=\"\" data-start=\"978\" data-end=\"996\"><strong data-start=\"978\" data-end=\"989\">Gramaj:<\/strong>\u00a05 Kg<\/p>\n<\/li>\n<li class=\"\" data-start=\"997\" data-end=\"1039\">\n<p class=\"\" data-start=\"999\" data-end=\"1039\"><strong data-start=\"999\" data-end=\"1008\">Adet:<\/strong>\u00a0Yakla\u015f\u0131k 1800 adet k\u00fcp \u015feker<\/p>\n<\/li>\n<li class=\"\" data-start=\"1040\" data-end=\"1080\">\n<p class=\"\" data-start=\"1042\" data-end=\"1080\"><strong data-start=\"1042\" data-end=\"1053\">\u0130\u00e7erik:<\/strong>\u00a0%100 do\u011fal pancar \u015fekeri<\/p>\n<\/li>\n<li class=\"\" data-start=\"1081\" data-end=\"1105\">\n<p class=\"\" data-start=\"1083\" data-end=\"1105\"><strong data-start=\"1083\" data-end=\"1097\">\u00dcr\u00fcn Kodu:<\/strong>\u00a061801<\/p>\n<\/li>\n<li class=\"\" data-start=\"1106\" data-end=\"1129\">\n<p class=\"\" data-start=\"1108\" data-end=\"1129\"><strong data-start=\"1108\" data-end=\"1119\">Men\u015fei:<\/strong>\u00a0T\u00fcrkiye<\/p>\n<\/li>\n<li class=\"\" data-start=\"1130\" data-end=\"1191\">\n<p class=\"\" data-start=\"1132\" data-end=\"1191\"><strong data-start=\"1132\" data-end=\"1151\">Saklama Ko\u015fulu:<\/strong>\u00a0Serin ve kuru ortamda muhafaza ediniz<\/p>\n<\/li>\n<\/ul>\n<h4 class=\"\" data-start=\"1193\" data-end=\"1223\"><strong data-start=\"1198\" data-end=\"1223\">\u00d6ne \u00c7\u0131kan Avantajlar:<\/strong><\/h4>\n<p class=\"\" data-start=\"1224\" data-end=\"1669\">\u2714\ufe0f\u00a0<strong data-start=\"1227\" data-end=\"1248\">Hijyenik kullan\u0131m<\/strong>\u00a0i\u00e7in tekli sarg\u0131l\u0131 ambalaj<br data-start=\"1275\" data-end=\"1278\" \/>\u2714\ufe0f\u00a0<strong data-start=\"1281\" data-end=\"1306\">Katk\u0131 maddesi i\u00e7ermez<\/strong>, yaln\u0131zca buharla preslenerek \u015fekil verilir<br data-start=\"1350\" data-end=\"1353\" \/>\u2714\ufe0f\u00a0<strong data-start=\"1356\" data-end=\"1370\">Kolay erir<\/strong>, kar\u0131\u015ft\u0131r\u0131ld\u0131\u011f\u0131nda i\u00e7eceklerde k\u00f6p\u00fcrme veya ya\u011flanma yapmaz<br data-start=\"1430\" data-end=\"1433\" \/>\u2714\ufe0f\u00a0<strong data-start=\"1436\" data-end=\"1476\">\u00c7ay, kahve ve T\u00fcrk kahvesi sunumlar\u0131<\/strong>\u00a0i\u00e7in m\u00fckemmel uyum<br data-start=\"1495\" data-end=\"1498\" \/>\u2714\ufe0f Yo\u011fun kullan\u0131m i\u00e7in\u00a0<strong data-start=\"1521\" data-end=\"1550\">ekonomik 5 kg\u2019l\u0131k ambalaj<\/strong><br data-start=\"1550\" data-end=\"1553\" \/>\u2714\ufe0f Tanesi yakla\u015f\u0131k\u00a0<strong data-start=\"1572\" data-end=\"1585\">12 kalori<\/strong>\u00a0\u2013 \u00f6l\u00e7\u00fcl\u00fc tatland\u0131rma sa\u011flar<br data-start=\"1613\" data-end=\"1616\" \/>\u2714\ufe0f Restoran, kafe, otel ve i\u015fyerleri i\u00e7in vazge\u00e7ilmez<\/p>\n<p class=\"\" data-start=\"1671\" data-end=\"1899\">K\u00fcp \u015eeker Tek Sarg\u0131l\u0131 Altun 5 kg hem sa\u011fl\u0131\u011f\u0131n\u0131z hem de lezzet al\u0131\u015fkanl\u0131klar\u0131n\u0131z i\u00e7in ideal bir tercihtir. Hijyenik tesislerde el de\u011fmeden \u00fcretilen bu \u00fcr\u00fcn, yo\u011fun i\u015f temponuzda i\u00e7eceklerinizi g\u00fcvenle tatland\u0131rman\u0131za olanak sa\u011flar.<\/p>\n<p class=\"\" data-start=\"1901\" data-end=\"2017\"><strong data-start=\"1901\" data-end=\"2017\">\u015eimdi sipari\u015f verin, do\u011fal pancar \u015fekerinden \u00fcretilen bu kaliteli k\u00fcp \u015fekerle \u00e7ay ve kahve keyfinizi tamamlay\u0131n!<\/strong><\/p>\n","protected":false},"excerpt":{"rendered":"<div class=\"elementor-element elementor-element-a2a93c2 elementor-widget elementor-widget-porto_cp_excerpt\" data-id=\"a2a93c2\" data-element_type=\"widget\" data-e-type=\"widget\" data-widget_type=\"porto_cp_excerpt.default\">\n<div class=\"elementor-widget-container\">\n<div class=\"description woocommerce-product-details__short-description\">\n<p>K\u00fcp \u015eeker Tek Sarg\u0131l\u0131 Irmak 5 kg (1800 adet), \u00e7ay ve kahve keyfini hijyenik, do\u011fal ve pratik bir \u015fekilde tamamlamak isteyenler i\u00e7in \u00f6zel olarak \u00fcretilmi\u015ftir. %100 pancar \u015fekerinden elde edilen bu beyaz kristal k\u00fcp \u015fekerler, tek tek sarg\u0131l\u0131 ambalaj\u0131 sayesinde toz, nem ve d\u0131\u015f etkenlerden korunarak uzun s\u00fcre tazeli\u011fini muhafaza eder.<\/p>\n<\/div>\n<\/div>\n<\/div>\n<div class=\"elementor-element elementor-element-852bf31 elementor-widget elementor-widget-porto_cp_meta\" data-id=\"852bf31\" data-element_type=\"widget\" data-e-type=\"widget\" data-widget_type=\"porto_cp_meta.default\">\n<div class=\"elementor-widget-container\">\n<div class=\"product_meta\"><\/div>\n<\/div>\n<\/div>\n","protected":false},"featured_media":7250,"comment_status":"open","ping_status":"closed","template":"","meta":{"content-type":""},"product_brand":[],"product_cat":[108],"product_tag":[],"class_list":{"0":"post-7247","1":"product","2":"type-product","3":"status-publish","4":"has-post-thumbnail","6":"product_cat-cay-seker","8":"first","9":"instock","10":"shipping-taxable","11":"product-type-simple"},"_cost_price":"","_links":{"self":[{"href":"https:\/\/www.podimagida.com\/index.php\/wp-json\/wp\/v2\/product\/7247","targetHints":{"allow":["GET"]}}],"collection":[{"href":"https:\/\/www.podimagida.com\/index.php\/wp-json\/wp\/v2\/product"}],"about":[{"href":"https:\/\/www.podimagida.com\/index.php\/wp-json\/wp\/v2\/types\/product"}],"replies":[{"embeddable":true,"href":"https:\/\/www.podimagida.com\/index.php\/wp-json\/wp\/v2\/comments?post=7247"}],"wp:featuredmedia":[{"embeddable":true,"href":"https:\/\/www.podimagida.com\/index.php\/wp-json\/wp\/v2\/media\/7250"}],"wp:attachment":[{"href":"https:\/\/www.podimagida.com\/index.php\/wp-json\/wp\/v2\/media?parent=7247"}],"wp:term":[{"taxonomy":"product_brand","embeddable":true,"href":"https:\/\/www.podimagida.com\/index.php\/wp-json\/wp\/v2\/product_brand?post=7247"},{"taxonomy":"product_cat","embeddable":true,"href":"https:\/\/www.podimagida.com\/index.php\/wp-json\/wp\/v2\/product_cat?post=7247"},{"taxonomy":"product_tag","embeddable":true,"href":"https:\/\/www.podimagida.com\/index.php\/wp-json\/wp\/v2\/product_tag?post=7247"}],"curies":[{"name":"wp","href":"https:\/\/api.w.org\/{rel}","templated":true}]}}